factors of 69964606.
2, 34982303
List the prime factors of 1165565079.
3, 7, 47, 131213
What are the prime factors of 162331365?
3, 5, 7, 220859
What are the prime factors of 4784885929?
31, 5101, 30259
List the prime factors of 37817111.
37817111
List the prime factors of 146948220.
2, 3, 5, 29, 28151
What are the prime factors of 41671264?
2, 1302227
List the prime factors of 826068464.
2, 13, 3971483
What are the prime factors of 148330836?
2, 3, 4120301
List the prime factors of 1333883708.
2, 333470927
List the prime factors of 108480367.
19, 5709493
What are the prime factors of 1185436617?
3, 395145539
List the prime factors of 98563281.
3, 4783, 6869
List the prime factors of 300657327.
3, 100219109
List the prime factors of 764470346.
2, 337, 397, 2857
List the prime factors of 101755653.
3, 33918551
What are the prime factors of 41115944?
2, 5139493
What are the prime factors of 504679410?
2, 3, 5, 107, 647
What are the prime factors of 84352212?
2, 3, 7, 111577
What are the prime factors of 235453016?
2, 19, 1549033
List the prime factors of 119883047.
127, 257, 3673
List the prime factors of 233741782.
2, 6997, 16703
What are the prime factors of 2981674?
2, 23, 53, 1223
What are the prime factors of 37658335?
5, 11, 13, 31, 1699
What are the prime factors of 69020200?
2, 5, 433, 797
List the prime factors of 47034013.
13, 1049, 3449
List the prime factors of 132148978.
2, 13, 37, 137369
List the prime factors of 85635293.
85635293
What are the prime factors of 305254724?
2, 101, 7481
List the prime factors of 19568203.
173, 113111
What are the prime factors of 170200446?
2, 3, 13, 2182057
What are the prime factors of 87368595?
3, 5, 5824573
List the prime factors of 1401050594.
2, 6827, 102611
List the prime factors of 777062305.
5, 509, 305329
List the prime factors of 491154645.
3, 5, 59, 554977
What are the prime factors of 17320689?
3, 59, 83, 131
List the prime factors of 32113949.
7, 257, 17851
List the prime factors of 523094040.
2, 3, 5, 7, 251, 827
List the prime factors of 6657625.
5, 13, 17, 241
What are the prime factors of 21818762?
2, 7, 1558483
List the prime factors of 145023449.
9739, 14891
What are the prime factors of 391433821?
391433821
List the prime factors of 821360712.
2, 3, 17, 59, 149, 229
List the prime factors of 653860711.
7, 31, 1019, 2957
What are the prime factors of 221996725?
5, 8879869
List the prime factors of 558970648.
2, 53, 97, 13591
What are the prime factors of 105911684?
2, 523, 50627
What are the prime factors of 609472279?
13, 101, 229, 2027
What are the prime factors of 35083213?
11, 3189383
What are the prime factors of 261996231?
3, 7, 17, 733883
List the prime factors of 822023.
67, 12269
What are the prime factors of 1113152463?
3, 13742623
What are the prime factors of 823318192?
2, 4111, 12517
What are the prime factors of 611312381?
43, 1103, 12889
List the prime factors of 3951468200.
2, 5, 3347, 5903
List the prime factors of 304562958.
2, 3, 7, 239, 30341
What are the prime factors of 79267649?
79267649
What are the prime factors of 5652097599?
3, 19, 31, 41, 78017
What are the prime factors of 26143806?
2, 3, 13, 571, 587
What are the prime factors of 6501766585?
5, 23509, 55313
What are the prime factors of 536603808?
2, 3, 13, 429971
List the prime factors of 849251745.
3, 5, 17, 1110133
List the prime factors of 2544624503.
1031, 2468113
List the prime factors of 57334494.
2, 3, 7, 1365107
List the prime factors of 261742939.
59, 4436321
What are the prime factors of 673096?
2, 84137
List the prime factors of 3349390456.
2, 17, 23, 1070777
List the prime factors of 349976031.
3, 29, 1427, 2819
What are the prime factors of 23703106?
2, 7, 113, 14983
What are the prime factors of 555493139?
17, 19, 173, 9941
List the prime factors of 1423845663.
3, 41, 349, 809
List the prime factors of 107317805.
5, 7, 3066223
List the prime factors of 21083294.
2, 53, 198899
List the prime factors of 281497701.
3, 31, 3026857
List the prime factors of 83298919.
11, 127, 59627
What are the prime factors of 728588647?
163, 4469869
List the prime factors of 180420151.
180420151
List the prime factors of 3009230255.
5, 601846051
List the prime factors of 15583169.
7, 17, 7703
List the prime factors of 718288585.
5, 7, 37, 554663
What are the prime factors of 828339556?
2, 11, 18825899
What are the prime factors of 78074107?
37, 601, 3511
List the prime factors of 65896256.
2, 19, 47, 1153
What are the prime factors of 67553881?
67553881
What are the prime factors of 1538713200?
2, 3, 5, 1282261
What are the prime factors of 200251143?
3, 17, 293, 1489
What are the prime factors of 1753536684?
2, 3, 83, 103, 17093
What are the prime factors of 71942080?
2, 5, 7, 32117
What are the prime factors of 232900251?
3, 77633417
List the prime factors of 287286079.
2287, 125617
List the prime factors of 582868672.
2, 9107323
What are the prime factors of 407577625?
5, 7, 13, 35831
What are the prime factors of 52507299?
3, 13, 1346341
What are the prime factors of 44994688?
2, 71, 4951
What are the prime factors of 294178041?
3, 503, 21661
What are the prime factors of 21798549?
3, 23, 31, 43, 79
List the prime factors of 661842494.
2, 330921247
List the prime factors of 39185201.
11, 19, 433
What are the prime factors of 908078970?
2, 3, 5, 17, 19, 31, 3023
What are the prime factors of 369909746?
2, 19, 9734467
What are the prime factors of 96711380?
2, 5, 4835569
What are the prime factors of 185457335?
5, 7, 17, 53, 5881
List the prime factors of 5763458.
2, 31, 92959
What are the prime factors of 230594602?
2, 7, 19, 29, 167, 179
List the prime factors of 4308510128.
2, 13, 20713991
List the prime factors of 870730509.
3, 11, 37, 713129
What are the prime factors of 337874231?
79, 521, 8209
List the prime factors of 302935628.
2, 75733907
List the prime factors of 705620001.
3, 61, 97, 127, 313
What are the prime factors of 68948367?
3, 22982789
List the prime factors of 848333061.
3, 1867, 16829
List the prime factors of 2403213246.
2, 3, 7, 677, 9391
What are the prime factors of 948905217?
3, 13, 8110301
What are the prime factors of 42630172?
2, 13, 819811
List the prime factors of 4592539432.
2, 13, 44159033
List the prime factors of 221627330.
2, 5, 101, 219433
What are the prime factors of 1086439252?
2, 227, 1196519
List the prime factors of 261044001.
3, 29004889
What are the prime factors of 1904250028?
2, 353, 1348619
What are the prime factors of 1050657149?
97, 337, 32141
List the prime factors of 48935774.
2, 24467887
What are the prime factors of 1184927279?
7121, 166399
What are the prime factors of 71213039?
71213039
What are the prime factors of 12132578?
2, 691, 8779
What are the prime factors of 6798208?
2, 173, 307
List the prime factors of 82016771.
82016771
List the prime factors of 38070895.
5, 7614179
What are the prime factors of 28870715?
5, 5774143
List the prime factors of 3383885.
5, 43, 15739
What are the prime factors of 24786287?
24786287
What are the prime factors of 510398141?
11, 127, 283, 1291
List the prime factors of 734470323.
3, 97, 2523953
What are the prime factors of 46650787?
61, 269, 2843
What are the prime factors of 3113249519?
59, 5189, 10169
List the prime factors of 52837302.
2, 3, 7, 23, 83, 659
List the prime factors of 131622104.
2, 2137, 7699
What are the prime factors of 1295191382?
2, 281, 2304611
List the prime factors of 960458704.
2, 60028669
What are the prime factors of 1982906856?
2, 3, 7, 3934339
List the prime factors of 16200248.
2, 41, 49391
List the prime factors of 3685172401.
23, 1087, 147401
What are the prime factors of 2378140678?
2, 1189070339
What are the prime factors of 2370921206?
2, 1185460603
What are the prime factors of 99122173?
1979, 50087
List the prime factors of 234474373.
7, 33496339
List the prime factors of 208940188.
2, 19, 23, 5197
List the prime factors of 1398111362.
2, 179, 401, 9739
What are the prime factors of 645062273?
149, 4329277
List the prime factors of 1857614215.
5, 271, 1370933
What are the prime factors of 1731039703?
1731039703
List the prime factors of 2490523.
7, 53, 137
What are the prime factors of 121051933?
121051933
List the prime factors of 212113203.
3, 70704401
List the pr